{"id":1111,"date":"2026-02-24T17:19:41","date_gmt":"2026-02-24T16:19:41","guid":{"rendered":"https:\/\/totaltogether.com\/?page_id=1111"},"modified":"2026-03-01T14:01:50","modified_gmt":"2026-03-01T13:01:50","slug":"halo-survey","status":"publish","type":"page","link":"https:\/\/totaltogether.com\/es\/halo-survey\/","title":{"rendered":"Encuesta sobre la memoria de HALO Eclipse"},"content":{"rendered":"<h3 class=\"wp-block-heading\">Introducci\u00f3n<\/h3>\n\n\n\n<p><a href=\"https:\/\/halo-v1-1086010481013.us-west1.run.app\/\" title=\"\">Comparta su recuerdo de un eclipse total de sol pasado<\/a>. <\/p>\n\n\n\n<p>Los eclipses solares totales son experiencias breves, poderosas y a menudo profundamente personales.<br>Esta encuesta recoge recuerdos individuales para comprender mejor c\u00f3mo experimentan las personas la totalidad a lo largo del tiempo.<\/p>\n\n\n\n<p>La participaci\u00f3n es an\u00f3nima. No es necesario identificarse ni enviar un correo electr\u00f3nico.<\/p>\n\n\n\n<p><a href=\"https:\/\/halo-v1-1086010481013.us-west1.run.app\/\" title=\"\">Enlace a la encuesta<\/a><\/p>","protected":false},"excerpt":{"rendered":"<p>Intro Share your memory of a past total solar eclipse. Total solar eclipses are brief, powerful and often deeply personal experiences.This survey collects individual memories to better understand how people [&hellip;]<\/p>\n","protected":false},"author":1,"featured_media":0,"parent":0,"menu_order":0,"comment_status":"closed","ping_status":"closed","template":"page-with-title","meta":{"_price":"","_stock":"","_tribe_ticket_header":"","_tribe_default_ticket_provider":"","_tribe_ticket_capacity":"0","_ticket_start_date":"","_ticket_end_date":"","_tribe_ticket_show_description":"","_tribe_ticket_show_not_going":false,"_tribe_ticket_use_global_stock":"","_tribe_ticket_global_stock_level":"","_global_stock_mode":"","_global_stock_cap":"","_tribe_rsvp_for_event":"","_tribe_ticket_going_count":"","_tribe_ticket_not_going_count":"","_tribe_tickets_list":"[]","_tribe_ticket_has_attendee_info_fields":false,"_EventAllDay":false,"_EventTimezone":"","_EventStartDate":"","_EventEndDate":"","_EventStartDateUTC":"","_EventEndDateUTC":"","_EventShowMap":false,"_EventShowMapLink":false,"_EventURL":"","_EventCost":"","_EventCostDescription":"","_EventCurrencySymbol":"","_EventCurrencyCode":"","_EventCurrencyPosition":"","_EventDateTimeSeparator":"","_EventTimeRangeSeparator":"","_EventOrganizerID":[],"_EventVenueID":[],"_OrganizerEmail":"","_OrganizerPhone":"","_OrganizerWebsite":"","_VenueAddress":"","_VenueCity":"","_VenueCountry":"","_VenueProvince":"","_VenueState":"","_VenueZip":"","_VenuePhone":"","_VenueURL":"","_VenueStateProvince":"","_VenueLat":"","_VenueLng":"","_VenueShowMap":false,"_VenueShowMapLink":false,"footnotes":"","_tec_slr_enabled":"","_tec_slr_layout":""},"class_list":["post-1111","page","type-page","status-publish","hentry"],"aioseo_notices":[],"ticketed":false,"_links":{"self":[{"href":"https:\/\/totaltogether.com\/es\/wp-json\/wp\/v2\/pages\/1111","targetHints":{"allow":["GET"]}}],"collection":[{"href":"https:\/\/totaltogether.com\/es\/wp-json\/wp\/v2\/pages"}],"about":[{"href":"https:\/\/totaltogether.com\/es\/wp-json\/wp\/v2\/types\/page"}],"author":[{"embeddable":true,"href":"https:\/\/totaltogether.com\/es\/wp-json\/wp\/v2\/users\/1"}],"replies":[{"embeddable":true,"href":"https:\/\/totaltogether.com\/es\/wp-json\/wp\/v2\/comments?post=1111"}],"version-history":[{"count":3,"href":"https:\/\/totaltogether.com\/es\/wp-json\/wp\/v2\/pages\/1111\/revisions"}],"predecessor-version":[{"id":1117,"href":"https:\/\/totaltogether.com\/es\/wp-json\/wp\/v2\/pages\/1111\/revisions\/1117"}],"wp:attachment":[{"href":"https:\/\/totaltogether.com\/es\/wp-json\/wp\/v2\/media?parent=1111"}],"curies":[{"name":"wp","href":"https:\/\/api.w.org\/{rel}","templated":true}]}}

<h3 class="wp-block-heading">Introducción</h3>



<p><a href="https://halo-v1-1086010481013.us-west1.run.app/" title="">Comparta su recuerdo de un eclipse total de sol pasado</a>. </p>



<p>Los eclipses solares totales son experiencias breves, poderosas y a menudo profundamente personales.<br>Esta encuesta recoge recuerdos individuales para comprender mejor cómo experimentan las personas la totalidad a lo largo del tiempo.</p>



<p>La participación es anónima. No es necesario identificarse ni enviar un correo electrónico.</p>



<p><a href="https://halo-v1-1086010481013.us-west1.run.app/" title="">Enlace a la encuesta</a></p>
